.
-2
Let w(k) = -k**3 - 24*k**2 - 22*k - 60. Determine w(-23).
-83
Let s(a) = 3*a**2 + 5*a - 1. Calculate s(4).
67
Let d(l) = l**3 + l**2 - 3*l + 1. Give d(-2).
3
Let a(d) = d**2 + 10*d - 36. Give a(-15).
39
Let n(f) = -f**2 - 9*f - 25. Determine n(-9).
-25
Let c(l) = l**3 + 11*l**2 + l + 11. Calculate c(-11).
0
Let c(j) = -j**2 - 5*j + 2. Calculate c(-2).
8
Let y(i) = -i + 12. Calculate y(0).
12
Let z(m) = -m**3 + 6*m**2 - 6*m + 6. Calculate z(4).
14
Let f(g) = -5*g + 58. Give f(13).
-7
Let s(n) = 3*n**3 - 65*n**2 - 23*n + 22. Determine s(22).
0
Let s(h) = -6*h + 15. What is s(5)?
-15
Let w(f) = 4*f**2 - 2*f + 2. Determine w(3).
32
Let p(v) = v**3 - 10*v**2 + 29*v - 12. What is p(5)?
8
Let f(w) = -6*w + 6. What is f(-2)?
18
Let p(j) = j**3 + 5*j**2 - 3*j + 8. Determine p(-6).
-10
Let i(c) = 10*c**3 + 82*c**2 + 17*c + 8. What is i(-8)?
0
Let n(y) = -2*y - 42. Calculate n(-15).
-12
Let z(h) = -h**3 + 53*h**2 - 197*h + 46. Give z(49).
-3
Let q(f) = f**3 - 7*f + 8. Calculate q(3).
14
Let t(i) = -i**2 - 124*i - 363. What is t(-3)?
0
Let l(o) = -o**3 + 14*o**2 + 11*o + 15. What is l(15)?
-45
Let d(s) = 4*s + 6. What is d(-2)?
-2
Let j(x) = -x**3 - 10*x**2 + 19*x + 248. Calculate j(-9).
-4
Let q(j) = -j**3 + 17*j**2 + 4*j - 68. Determine q(17).
0
Let t(d) = -d**2 + 2*d - 4. Calculate t(0).
-4
Let l(p) = p**2 - 6*p - 5. Give l(-1).
2
Let i(m) = 5*m + 45. What is i(0)?
45
Let c(l) = -l**3 + 64*l**2 - 4*l + 257. Calculate c(64).
1
Let v(z) = -4*z - 68. What is v(0)?
-68
Let t(m) = 2*m**3 + 5*m**2 - 6*m - 10. Calculate t(-4).
-34
Let c(m) = -5*m + 30. Give c(6).
0
Let n(v) = -3*v - 83. Calculate n(-22).
-17
Let n(k) = -k**3 + 2*k**2 - 2*k + 4. Give n(3).
-11
Let g(i) = -3*i - 11. Calculate g(-8).
13
Let p(t) = -t**3 + 15*t**2 + 34*t. Calculate p(17).
0
Let m(j) = -j**2 + j - 1. Give m(7).
-43
Let i(j) = 10*j - 4. Determine i(-2).
-24
Let m(s) = s**3 + s**2 - 13*s - 23. What is m(-2)?
-1
Let q(p) = -2*p + 11. Determine q(6).
-1
Let z(o) = -o - 21. Give z(9).
-30
Let t(r) = -r + 11. Determine t(-4).
15
Let q(v) = 9*v**3 + 2*v**2 + v - 2. What is q(-2)?
-68
Let r(y) = -10*y - 444. Calculate r(-44).
-4
Let k(t) = t**3 + 4*t**2 + 4*t + 5. Calculate k(-4).
-11
Let w(y) = 126*y - 1005. Give w(8).
3
Let v(t) = -3*t + 72. What is v(25)?
-3
Let p(w) = w**2 + 44*w - 345. Calculate p(-51).
12
Let f(s) = -13*s - 3. Give f(-1).
10
Let i(b) = b**3 + 9*b**2 + 13*b - 8. Determine i(-7).
-1
Let t(y) = 7*y + 33. What is t(-5)?
-2
Let q(m) = -3*m - 85. What is q(-5)?
-70
Let a(y) = -y**3 + 9*y**2 + 14*y - 3. Calculate a(10).
37
Let l(b) = -9*b + 44. What is l(6)?
-10
Let u(i) = 32*i**2 - i + 1. Determine u(1).
32
Let a(m) = 32*m - 84. Determine a(2).
-20
Let o(c) = -c**3 + 9*c**2 - 7*c - 7. Calculate o(7).
42
Let t(h) = 4*h - 69. Calculate t(0).
-69
Let b(p) = p - 1. Calculate b(1).
0
Let m(g) = 6*g - 7. What is m(3)?
11
Let j(n) = -n**3 + 3*n**2 + 9*n + 9. What is j(5)?
4
Let o(j) = j**3 + j**2 - 17*j - 9. What is o(-5)?
-24
Let p(g) = -2*g**3 - 8*g**2 - 3*g + 22. Give p(-5).
87
Let k(z) = 2*z**2 + 8*z - 9. Determine k(-7).
33
Let y(t) = -t**3 - 11*t**2 - 19. What is y(-11)?
-19
Let f(q) = 14*q + 39. What is f(-5)?
-31
Let x(t) = 2*t**2 - 3*t - 148. Determine x(-8).
4
Let s(p) = 4*p**2 + 8*p - 3. What is s(3)?
57
Let k(y) = -14*y + 70. Calculate k(6).
-14
Let u(z) = -z**3 - 3*z**2 + 7*z + 6. What is u(-4)?
-6
Let o(x) = -3*x + 13. Give o(7).
-8
Let o(z) = -43*z**3 + 2*z**2 - 2*z + 1. Determine o(1).
-42
Let l(d) = -3*d - 3. Give l(-2).
3
Let n(q) = 2*q. Determine n(-2).
-4
Let u(b) = 6*b + 11. What is u(-5)?
-19
Let n(v) = -4*v - 61. Calculate n(-18).
11
Let d(s) = 5*s + 12. Calculate d(-2).
2
Let a(v) = 10*v - 103. What is a(10)?
-3
Let l(z) = z**3 + 12*z**2 + 7*z + 16. Calculate l(-11).
60
Let c(t) = 23*t + 1. What is c(1)?
24
Let w(j) = j**3 - 9*j**2 + 11*j + 20. Calculate w(7).
-1
Let v(g) = 2*g**2 - 81*g + 123. Calculate v(39).
6
Let d(r) = -2*r**3 - 20*r**2 - r - 16. What is d(-10)?
-6
Let r(g) = g**3 + 5*g**2 - 8*g - 21. Calculate r(-6).
-9
Let d(z) = -6*z - 88. Give d(-13).
-10
Let o(k) = 4*k**2 - 9*k + 5. What is o(2)?
3
Let w(p) = 2*p**2 + 63*p + 278. Calculate w(-26).
-8
Let u(h) = -5*h + 96. Determine u(26).
-34
Let x(k) = k**3 - 10*k**2 + 2*k - 13. Determine x(10).
7
Let b(c) = -9*c + 58. Determine b(7).
-5
Let p(x) = x - 31. What is p(0)?
-31
Let u(i) = 6*i + 27. Calculate u(-8).
-21
Let p(s) = 5*s**2 - 17*s - 12. Determine p(4).
0
Let z(x) = -11*x + 66. Calculate z(5).
11
Let f(h) = -h**3 - 8*h**2 + 7*h - 19. Determine f(-9).
-1
Let g(d) = d + 1. What is g(2)?
3
Let v(w) = -6*w**2 - 2*w - 1. Give v(-1).
-5
Let m(i) = 7*i + 5. Give m(-5).
-30
Let l(p) = -4*p**3 + 2*p**2 - 3*p - 3. Determine l(-3).
132
Let q(m) = -m + 33. Determine q(5).
28
Let m(z) = -z**2 + 18*z - 27. Give m(11).
50
Let s(y) = -y**2 - 12*y - 12. Calculate s(-9).
15
Let m(c) = -27*c - 1. What is m(-1)?
26
Let h(q) = 2*q**3 - 10*q**2 + 11*q - 2. What is h(1)?
1
Let p(x) = -x**3 - 2*x**2 + 11*x + 1. Calculate p(3).
-11
Let j(x) = x**3 + 2*x**2 + 6*x + 14. Determine j(-2).
2
Let z(q) = -12*q + 14. Determine z(-3).
50
Let d(q) = 21*q + 476. What is d(-22)?
14
Let z(d) = 16*d. What is z(-1)?
-16
Let o(y) = 3*y**2 - 40*y + 108. What is o(10)?
8
Let j(k) = -12*k - 1. Give j(-1).
11
Let x(y) = -y**3 + 7*y**2 - 5*y + 15. Determine x(6).
21
Let w(o) = 14*o + 614. What is w(-44)?
-2
Let a(y) = -7*y - 6. What is a(-3)?
15
Let b(j) = -3*j + 23. What is b(9)?
-4
Let y(m) = -18*m - 173. What is y(-10)?
7
Let j(h) = -h**2 + 5*h - 4. What is j(3)?
2
Let t(c) = 16*c - 1. Calculate t(-1).
-17
Let a(l) = -2*l**2 - 6*l + 12. What is a(-4)?
4
Let h(r) = -r - 19. Give h(0).
-19
Let g(c) = -11*c - 3. Determine g(6).
-69
Let h(u) = u**2 + 3*u - 49. Give h(5).
-9
Let q(m) = -4*m**2 + 185*m - 45. What is q(46)?
1
Let r(y) = -y - 33. What is r(-42)?
9
Let r(f) = 4*f - 1. Determine r(4).
15
Let u(x) = 12*x**2 + 2*x - 6. Give u(1).
8
Let g(t) = -3*t**3 + t**2 + 5*t - 4. What is g(2)?
-14
Let q(k) = -3*k**2 + 12*k - 3. What is q(4)?
-3
Let v(p) = -p**3 + 6*p - 5. What is v(3)?
-14
Let y(n) = 7*n + 17. Calculate y(5).
52
Let f(c) = c**3 - 2*c + 2. Give f(0).
2
Let l(y) = y**3 - 18*y**2 + 10*y + 16. Give l(18).
196
Let i(t) = t**3 - 4*t**2 - 12*t + 6. What is i(6)?
6
Let r(s) = s**2 + 18*s - 13. Give r(-23).
102
Let r(i) = -i**2 + 4*i. What is r(-3)?
-21
Let f(k) = k**2 + 4*k - 8. What is f(-7)?
13
Let a(x) = -5*x + 15. Calculate a(13).
-50
Let w(f) = -2*f + 12. Determine w(16).
-20
Let f(m) = m**3 - 3*m**2 - 15*m + 4. Give f(7).
95
Let u(d) = 4*d + 49. What is u(-9)?
13
Let x(z) = 2*z**2 - 17*z + 2. Give x(9).
11
Let o(t) = -4*t + 10. Give o(5).
-10
Let v(q) = 3*q - 9. Determine v(8).
15
Let a(j) = -24*j - 160. Determine a(-6).
-16
Let c(i) = -19*i**2 - i + 7. What is c(3)?
-167
Let q(i) = 21*i**2 + 4. Calculate q(0).
4
Let j(y) = -y + 3. What is j(6)?
-3
Let h(j) = j**3 - 3*j**2 + j - 13. Calculate h(3).
-10
Let s(m) = 9*m - 4. Determine s(3).
23
Let v(m) = 4*m + 13. What is v(-3)?
1
Let a(s) = s**2 - 29*s - 45. What is a(31)?
17
Let o(h) = -4*h - 24. Give o(-12).
24
Let c(i) = -11*i + 59. Determine c(6).
-7
Let y(q) = q**3 + 11*q**2 - 16*q - 40. Calculate y(-12).
8
Let h(f) = f**2 + 2*f + 10. Determine h(0).
10
Let z(s) = -4*s - 18. Determine z(-3).
-6
Let w(m) = m - 2. Give w(0).
-2
Let h(v) = -5*v - 261. Determine h(-49).
-16
Let y(o) = -o + 2. Determine y(-7).
9
Let m(v) = 3*v + 17. Determine m(-8).
-7
Let p(n) = -n**3 - 10*n**2 - 23*n + 6. Calculate p(-7).
20
Let f(o) = o**2 - 32*o + 212. What is f(22)?
-8
Let y(p) = p**3 - 2*p**2 + p - 5. Determine y(0).
-5
Let y(x) = 4*x**2 - 154*x + 66. Calculate y(38).
-10
Let x(o) = o**3 + 7*o**2 - 3*o - 17. Calculate x(-7).
4
Let u(y) = y**3 + 5*y**2 - 4*y - 1. Determine u(-6).
-13
Let l(w) = w + 75. Calculate l(0).
75
Let w(f) = f**2 + 9*f - 7. Determine w(-9).
-7
Let q(n) = 2*n**3 - 9*n**2 - 3*n + 9. What is q(5)?
19
Let a(r) = r**3 - 11*r**2 + 35*r - 79. Give a(8).
9
Let q(g) = -g**3 + 8*g**2 - 13*g + 3. What is q(5)?
13
Let t(w) = -2*w**3 + 28*w**2 + 3*w - 45. Determine t(14).
-3
Let p(z) = -z**3 + 4*z**2 + 8*z + 4. Determine p(5).
19
Let r(a) = -a**3 - 10*a**2 + 14*a + 2. What is r(-11)?
-31
Let t(x) = -3*x**3 + x**2 + 2*x - 1. Calculate t(-2).
23
Let z(r) = 15*r - 10